{"id":32,"date":"2025-02-20T13:25:51","date_gmt":"2025-02-20T12:25:51","guid":{"rendered":"http:\/\/viadegliabati\/?page_id=32"},"modified":"2025-05-08T10:31:22","modified_gmt":"2025-05-08T08:31:22","slug":"lassociazione","status":"publish","type":"page","link":"https:\/\/viadegliabati.com\/index.php\/lassociazione\/","title":{"rendered":"L&#8217;ASSOCIAZIONE"},"content":{"rendered":"\n<p>L&#8217;Associazione &#8220;Via degli Abati&#8221; &nbsp;vi d\u00e0 il benvenuto.<\/p>\n\n\n\n<p>Gentili amiche camminatrici ed amici camminatori, intanto grazie per aver posato lo sguardo ed il vostro interesse sull\u2019itinerario francigeno di montagna, chiamato \u201cVia degli Abati\u201d.<br>Ci occupiamo dell\u2019intero itinerario che va da Pavia a Pontremoli, ormai da qualche anno e che&nbsp;attraversa parte del territorio provinciale di Pavia nell&#8217;Oltrepo e&nbsp;l&#8217;Appennino Tosco-<a href=\"https:\/\/7581d4e612.cbaul-cdnwnd.com\/2f4a6e6e8546e8f2f1e16504a7213e18\/200000549-288eb2a19c\/lungo_le_antiche_vie_dei_pellegrini_in_emilia_Romagna%201.jpg\">E<\/a>miliano nelle&nbsp;province di Piacenza, Parma, Massa Carrara, attraversando i Comuni di Pavia, Broni, Castana, Canevino, Pometo, Caminata, Romagnese, Bobbio, Coli, Farini, Bardi, Borgotaro, Pontremoli.<br>Il tracciato lungo circa 195 km, si snoda per sentieri, mulattiere, carrarecce attraversando valli e crinali per un dislivello complessivo di oltre 6000 metri. E&#8217; stato in origine segnato CAI (bande orizzontali con bianco e rosso), \u00e8 georeferenziato (\u00e8 possibile scaricare la traccia in formato gpx) , ed \u00e8 cartograficamente illustrato su quattro cartoguide scala 1\/25.000 (italiano-inglese), che potete trovare in questo sito sotto la voce &#8220;Cartoguide&#8221;, unitamente alle modalit\u00e0 per la richiesta.<\/p>\n\n\n\n<p>L\u2019antico itinerario, per la parte Bobbio-Pontremoli, \u00e8 stato riscoperto verso la fine degli anni \u201890 da Giovanni Magistretti, studioso piacentino, autore di diverse relazioni sulla Via e membro dell\u2019Associazione, ed \u00e8 stato pubblicato nel maggio 2011 in una Cartoguida della Via degli Abati, realizzata con la collaborazione dell\u2019Istituto per geometri &#8220;Tramello\u201d di Piacenza, delle sezioni CAI provinciali e grazie anche all\u2019intervento delle varie Amministrazioni locali.<\/p>\n\n\n\n<p>Nel 2012, con l\u2019apporto determinante di Mario Pampanin, presidente degli Amici di San Colombano, ricuperando suggerimenti di mons. Domenico Ponzini, \u00e8 stato ricostruito anche il percorso che da Pavia conduce a Bobbio.<\/p>\n\n\n\n<p>Nella ricerca si \u00e8 tenuto presente quanto scrive lo storico dei Longobardi Paolo Diacono che, nella sua \u201cHistoria Langobardorum\u201d, colloca Bobbio distante da Pavia 40 miglia (pari a circa 60 chilometri), e si \u00e9 individuato quindi l\u2019itinerario che pi\u00f9 si avvicina a tale indicazione, tenendo conto dei luoghi in cui risalire a memorie longobarde, alto-medievali o del Monastero di Bobbio, anche senza un puntuale riferimento alla traslazione del corpo di San Colombano da Bobbio a Pavia. I monaci del Monastero di Bobbio, infatti, guidati dall\u2019abate Gerlanno, nei giorni 17, 18 e 19 luglio dell\u2019anno 929, trasportarono le reliquie di San Colombano attraverso un percorso leggermente pi\u00f9 lungo, da Bobbio a Pavia, studiato appositamente allo scopo di rivendicare davanti al re Ugo di Provenza i beni del Monastero, usurpati dal vescovo di Piacenza Guido e da altri feudatari.<\/p>\n\n\n\n<p>Nel 2021 Il comune di Bobbio, capofila, ha portato in applicazione il progetto realizzato con il sostegno del PROGRAMMA DI SVILUPPO RURALE 2014-2020 MISURA 19 &#8220;Sostegno allo Sviluppo Rurale LEADER&#8221; Azione specifica 8.1.1.b &#8220;Valorizzazione di itinerari e sentieristica turistica&#8221; per la tracciatura e posa della segnaletica del percorso.<\/p>\n\n\n\n<p>Contattateci per le vostre richieste e informazioni.\u00a0Qualora decideste di transitare saremmo lieti di accogliervi, conoscervi ed avere le vostre impressioni sul cammino.\u00a0<\/p>\n\n\n\n<p><br>Associazione \u201cVia degli Abati\u201d (V\u039b)<\/p>\n\n\n\n<p>Vi proponiamo solo alcuni dei numerosissimi\u00a0siti che parlano della via\u00a0<\/p>\n\n\n\n<figure class=\"wp-block-table\"><table class=\"has-fixed-layout\"><tbody><tr><td><a href=\"http:\/\/www.visitpavia.com\/it\/la-degli-abati\">Provincia di Pavia<\/a><\/td><\/tr><tr><td><a href=\"http:\/\/www.vaticano.com\/i-cinque-cammini-ditalia\/\">Sito del Vaticano<\/a><\/td><\/tr><tr><td><a href=\"http:\/\/www.trekking.it\/itinerario\/cammino-storico-della-via-abati-percorso\" target=\"_blank\" rel=\"noreferrer noopener\">Trekking<\/a><\/td><\/tr><tr><td><a href=\"http:\/\/www.vacanzattivajournal.com\/it\/gli-speciali\/i-cammini-sacri\/la-via-degli-abati.html\" target=\"_blank\" rel=\"noreferrer noopener\">Vacanzattiva &nbsp;Journal&nbsp;<\/a><\/td><\/tr><tr><td><a href=\"http:\/\/www.viaggiatorisidiventa.it\/itinerari-a-piedi-i-cammini-piu-belli-da-fare-in-italia\/\" target=\"_blank\" rel=\"noreferrer noopener\">Viaggiatori si diventa&nbsp;<\/a><\/td><\/tr><tr><td><a href=\"http:\/\/www.zingarate.com\/italia\/migliori-cammini-Italia-itinerari.html\" target=\"_blank\" rel=\"noreferrer noopener\">Zingarate<\/a><\/td><\/tr><tr><td><a href=\"http:\/\/myluxury.it\/articolo\/i-sentieri-piu-belli-d-italia-dalle-dolomiti-alla-liguria-foto\/60473\/--\" target=\"_blank\" rel=\"noreferrer noopener\">Myluxury<\/a>&nbsp;<\/td><\/tr><tr><td><a href=\"http:\/\/www.turismo.it\/sport\/articolo\/art\/camminando-in-silenzio-sulla-via-degli-abati-id-8557\" target=\"_blank\" rel=\"noreferrer noopener\">La Stampa&nbsp;<\/a><\/td><\/tr><tr><td><a href=\"http:\/\/www.dailyslow.it\/via-degli-abati-2016-borgotaro-bobbio-90-km-4-giorni\/\" target=\"_blank\" rel=\"noreferrer noopener\">Daily Slow&nbsp;<\/a><\/td><\/tr><tr><td><a href=\"http:\/\/blogdibruno.blogspot.it\/2013\/10\/via-degli-abati-da-pavia-pontremoli.html#comment-form\" target=\"_blank\" rel=\"noreferrer noopener\">Blog di Bruno<\/a><\/td><\/tr><\/tbody><\/table><\/figure>\n\n\n\n<p><\/p>\n","protected":false},"excerpt":{"rendered":"<p>L&#8217;Associazione &#8220;Via degli Abati&#8221; &nbsp;vi d\u00e0 il benvenuto. Gentili amiche camminatrici ed amici camminatori, intanto grazie per aver posato lo sguardo ed il vostro interesse sull\u2019itinerario francigeno di montagna, chiamato [&hellip;]<\/p>\n","protected":false},"author":1,"featured_media":0,"parent":0,"menu_order":0,"comment_status":"closed","ping_status":"closed","template":"","meta":{"footnotes":""},"class_list":["post-32","page","type-page","status-publish","hentry"],"_links":{"self":[{"href":"https:\/\/viadegliabati.com\/index.php\/wp-json\/wp\/v2\/pages\/32","targetHints":{"allow":["GET"]}}],"collection":[{"href":"https:\/\/viadegliabati.com\/index.php\/wp-json\/wp\/v2\/pages"}],"about":[{"href":"https:\/\/viadegliabati.com\/index.php\/wp-json\/wp\/v2\/types\/page"}],"author":[{"embeddable":true,"href":"https:\/\/viadegliabati.com\/index.php\/wp-json\/wp\/v2\/users\/1"}],"replies":[{"embeddable":true,"href":"https:\/\/viadegliabati.com\/index.php\/wp-json\/wp\/v2\/comments?post=32"}],"version-history":[{"count":17,"href":"https:\/\/viadegliabati.com\/index.php\/wp-json\/wp\/v2\/pages\/32\/revisions"}],"predecessor-version":[{"id":801,"href":"https:\/\/viadegliabati.com\/index.php\/wp-json\/wp\/v2\/pages\/32\/revisions\/801"}],"wp:attachment":[{"href":"https:\/\/viadegliabati.com\/index.php\/wp-json\/wp\/v2\/media?parent=32"}],"curies":[{"name":"wp","href":"https:\/\/api.w.org\/{rel}","templated":true}]}}